{"id":2,"date":"2022-07-12T17:05:33","date_gmt":"2022-07-12T20:05:33","guid":{"rendered":"http:\/\/variacoessobreomesmotema.com\/?page_id=2"},"modified":"2022-07-12T18:19:41","modified_gmt":"2022-07-12T21:19:41","slug":"sobre","status":"publish","type":"page","link":"https:\/\/variacoessobreomesmotema.com\/index.php\/sobre\/","title":{"rendered":"Sobre"},"content":{"rendered":"\n<div class=\"wp-block-columns alignwide is-layout-flex wp-container-core-columns-layout-1 wp-block-columns-is-layout-flex\">\n<div class=\"wp-block-column is-layout-flow wp-block-column-is-layout-flow\" style=\"padding-right:80px;flex-basis:66.66%\">\n<p style=\"font-size:72px\">Tha\u00eds Caetano<\/p>\n\n\n\n<h2 class=\"has-small-font-size wp-block-heading\"><strong>Publicit\u00e1ria, cearense e alma viajante<\/strong><\/h2>\n<\/div>\n<\/div>\n\n\n\n<div class=\"wp-block-columns alignwide is-layout-flex wp-container-core-columns-layout-2 wp-block-columns-is-layout-flex\">\n<div class=\"wp-block-column is-layout-flow wp-block-column-is-layout-flow\" style=\"padding-right:80px;flex-basis:66.66%\">\n<p class=\"has-small-font-size\"><\/p>\n\n\n\n<div class=\"wp-block-group is-layout-flow wp-block-group-is-layout-flow\"><div class=\"wp-block-group__inner-container\">\n<p>Parece que eu t\u00f4 voltando para 2008 quando usava o blog como di\u00e1rio, mas n\u00e3o, t\u00f4 em pleno 2022 abrindo mais um espa\u00e7o para que eu possa me sentir em casa e escrever.<\/p>\n\n\n\n<p>Escrever sempre foi uma das minhas paix\u00f5es, mas meus textos sempre ficavam guardados pra mim no rascunho do celular, do e-mail ou do blog.&nbsp;<\/p>\n\n\n\n<p>Sempre foi dif\u00edcil mostrar o meu texto para algu\u00e9m e despir a minha alma. Era demais pra mim e de uns tempos pra c\u00e1 venho me desapegando nisso, por isso resolvi voltar pro blog.<\/p>\n\n\n\n<p>Um espa\u00e7o meu, sem interfer\u00eancias e ru\u00eddos.<\/p>\n\n\n\n<p>Aqui posso escrever, desabafar, falar dos lugares que conheci, das experi\u00eancias que eu tive e de mais algumas paix\u00f5es.<\/p>\n\n\n\n<p>Mas se voc\u00ea \u00e9 novo por aqui, deixa eu me apresentar!<\/p>\n\n\n\n<p>Sou Tha\u00eds, cearense (mas a minha casa \u00e9 o mundo), amo um caf\u00e9zinho, passo o dia inteiro ouvindo m\u00fasica, sempre t\u00f4 lendo um livro, amo ouvir hist\u00f3rias e sempre t\u00f4 pronta pra uma nova aventura.<\/p>\n\n\n\n<p>Ah, n\u00e3o posso esquecer de dizer que sou publicit\u00e1ria e que sou apaixonada pelo mundo da comunica\u00e7\u00e3o, mas n\u00e3o vou falar muito da minha profiss\u00e3o por aqui, deixo isso pro Linkedin.<\/p>\n\n\n\n<p>Ent\u00e3o, se voc\u00ea chegou at\u00e9 aqui, fique a vontade, pegue um caf\u00e9 e pode maratonar o blog.<\/p>\n\n\n\n<p>Depois deixe um coment\u00e1rio ou me manda um email falando o que achou.<\/p>\n\n\n\n<p>At\u00e9 j\u00e1 e boa trip<\/p>\n<\/div><\/div>\n<\/div>\n\n\n\n<div class=\"wp-block-column is-layout-flow wp-block-column-is-layout-flow\" style=\"padding-right:80px;flex-basis:33.33%\">\n<p class=\"has-small-font-size\"><\/p>\n\n\n\n<figure class=\"wp-block-image size-large\"><img decoding=\"async\" src=\"https:\/\/sobreomesmotema.files.wordpress.com\/2022\/05\/whatsapp-image-2022-05-17-at-18.54.31-1.jpeg?w=768\" alt=\"\" class=\"wp-image-127\"\/><\/figure>\n<\/div>\n<\/div>\n","protected":false},"excerpt":{"rendered":"<p>Tha\u00eds Caetano Publicit\u00e1ria, cearense e alma viajante Parece que eu t\u00f4 voltando para 2008 quando usava o blog como di\u00e1rio, mas n\u00e3o, t\u00f4 em pleno 2022 abrindo mais um espa\u00e7o para que eu possa me sentir em casa e escrever. Escrever sempre foi uma das minhas paix\u00f5es, mas meus textos sempre ficavam guardados pra mim &hellip; <\/p>\n<p class=\"link-more\"><a href=\"https:\/\/variacoessobreomesmotema.com\/index.php\/sobre\/\" class=\"more-link\">Continue reading<span class=\"screen-reader-text\"> &#8220;Sobre&#8221;<\/span><\/a><\/p>\n","protected":false},"author":1,"featured_media":0,"parent":0,"menu_order":0,"comment_status":"closed","ping_status":"open","template":"","meta":{"om_disable_all_campaigns":false,"_monsterinsights_skip_tracking":false,"_monsterinsights_sitenote_active":false,"_monsterinsights_sitenote_note":"","_monsterinsights_sitenote_category":0,"footnotes":""},"aioseo_notices":[],"_links":{"self":[{"href":"https:\/\/variacoessobreomesmotema.com\/index.php\/wp-json\/wp\/v2\/pages\/2"}],"collection":[{"href":"https:\/\/variacoessobreomesmotema.com\/index.php\/wp-json\/wp\/v2\/pages"}],"about":[{"href":"https:\/\/variacoessobreomesmotema.com\/index.php\/wp-json\/wp\/v2\/types\/page"}],"author":[{"embeddable":true,"href":"https:\/\/variacoessobreomesmotema.com\/index.php\/wp-json\/wp\/v2\/users\/1"}],"replies":[{"embeddable":true,"href":"https:\/\/variacoessobreomesmotema.com\/index.php\/wp-json\/wp\/v2\/comments?post=2"}],"version-history":[{"count":3,"href":"https:\/\/variacoessobreomesmotema.com\/index.php\/wp-json\/wp\/v2\/pages\/2\/revisions"}],"predecessor-version":[{"id":15,"href":"https:\/\/variacoessobreomesmotema.com\/index.php\/wp-json\/wp\/v2\/pages\/2\/revisions\/15"}],"wp:attachment":[{"href":"https:\/\/variacoessobreomesmotema.com\/index.php\/wp-json\/wp\/v2\/media?parent=2"}],"curies":[{"name":"wp","href":"https:\/\/api.w.org\/{rel}","templated":true}]}}